he units digit of 6/2 + h/(-1)?
4
What is the units digit of ((-8)/(-10))/((-3)/(-75))?
0
Let b(h) = -h**3 + 10*h**2 - 9*h. Let o be b(9). Let v = 9 - o. Let i = -3 + v. What is the units digit of i?
6
Suppose 0 = 3*n - 0 - 21. Let k = 9 - n. What is the units digit of k?
2
Let a = 63 - 36. What is the units digit of a?
7
Let y be (-34)/(-5) + 2/10. Suppose 3*s + 9 = 5*a, -4*s + 20 = y*a - 3*a. What is the units digit of s/(1 - (-2)/(-6))?
3
Let b be 3/9*84/(-4). What is the tens digit of b/49 + (-78)/(-7)?
1
Suppose 8*c - 72 = 6*c. Suppose -q + l + 33 = 0, -q - l - l + c = 0. What is the tens digit of q?
3
What is the tens digit of (771/(-5 - -2))/(2 - 3)?
5
Suppose -10*o + 20*o = 1400. What is the hundreds digit of o?
1
Let y(x) = x - 1. Let j be y(3). Suppose -j*b - 9 + 53 = 0. What is the tens digit of b?
2
Suppose 4*a + 10 - 2 = 0, -50 = -b + 4*a. What is the units digit of b?
2
Let b(m) = -4*m + 1. Let q be b(-1). Let x = q + -1. What is the units digit of x?
4
Let t(g) = g**2 - 5*g + 4. Let b be t(5). Suppose 7 = -p + b*n, n + 6 = -4*p + 63. What is the tens digit of p?
1
Suppose -o + 27 = -0*o + 5*x, 4*o + 2*x - 162 = 0. What is the units digit of o?
2
What is the tens digit of 93/36*-3*-24?
8
Let w = 4 - 4. Suppose 2*m - b - 13 = w, -5*m + 33 + 10 = b. What is the units digit of m?
8
Let d be (1 + -5)/(-1)*4. Suppose 4*q - 8 = d. What is the units digit of q?
6
Let h(k) = -k**2 - 17*k - 15. What is the tens digit of h(-12)?
4
What is the units digit of (-24)/16*16/(-6)?
4
Let c(g) = -10*g - 29. What is the tens digit of c(-9)?
6
Let j = 1 - -2. Suppose -6 + 19 = 3*g - z, -z - 9 = -2*g. Suppose -g*r = -j - 17. What is the units digit of r?
5
Let b(w) be the third derivative of w**4/24 + w**3/6 + w**2. Let c be b(-8). What is the units digit of 2/7 + (-54)/c?
8
Suppose -1 = o + 3. Let i be (10/(-15))/(o/18). Suppose 2*p + p = -v + 24, 3*v - 42 = -i*p. What is the units digit of v?
9
Suppose 0 = l + 6*l - 308. What is the units digit of l?
4
Suppose 2*l + 4*k - 454 = 0, -3*l - 5*k + 214 = -469. What is the hundreds digit of l?
2
Let c be (10/8)/((-2)/(-24)). Let b = c + -4. What is the units digit of b?
1
Let i be ((-6)/(-4))/((-4)/(-8)). Suppose i*v = -v + 20. Suppose -v*o + 16 = -14. What is the units digit of o?
6
Suppose -2*b + 3*h + 36 = 0, -3*h - 2*h - 68 = -4*b. Let i(m) = -m**2 + 14*m + 4. What is the tens digit of i(b)?
2
Let u(s) = -s + 1. Let b be u(5). Let r = b + 9. What is the units digit of r?
5
Suppose -12 = -3*z + 93. What is the units digit of z?
5
Let q(j) = -2 - j - 3 + 3*j. Suppose -7 = -g - 2. What is the units digit of q(g)?
5
What is the hundreds digit of (0 + 25/3)/((-16)/(-672))?
3
Let s(m) = -2*m - 7. Let w = -16 - -10. Let d be s(w). Suppose -2*p + 3*g + 24 = 0, d*p + 5*g = 9 + 1. What is the units digit of p?
6
Let s(t) = 6*t**2 + 2*t - 1. Suppose -3*m + m + 4 = 0. Let c be s(m). Suppose -4*i = -c + 3. What is the units digit of i?
6
Suppose 7*f = 2*f - 105. Let m(p) = -p**3 + 3*p**2 + p + 2. Let b be m(4). Let k = b - f. What is the tens digit of k?
1
Suppose 4*k = q - 4, 3*q - 32 = k + 2. What is the tens digit of q?
1
Let i = 1 + 3. Suppose -5*h = 3*x + 36, h - 48 = i*x - 0*x. Let m = x - -20. What is the units digit of m?
8
Let a = 4 - 3. What is the tens digit of (-6 - (a - 1))*-2?
1
Suppose 4*f = -f + 25. Suppose -c - f = -2*c. Suppose c*s - 3*s = 4. What is the units digit of s?
2
Let a = -64 - -119. Suppose -3*j - 2*u = -j - 20, -4*u + a = 5*j. What is the tens digit of j?
1
Let s = 7 - -27. Suppose 4*w - s = 2*w. What is the tens digit of w?
1
Let u(b) = -b**2 - 7*b - 7. Suppose -g - 2*r - 7 = 0, 3*r - 6*r - 3 = 0. What is the units digit of u(g)?
3
What is the hundreds digit of 11/22 + 461/2?
2
Let s(t) = 2*t**2 + 4*t + 6. What is the units digit of s(-7)?
6
Suppose 2*t = -z + 91 + 64, -4*z = 5*t - 632. What is the tens digit of z?
6
Suppose -r + 52 = 5*b, -4*b + 224 = r + 3*r. Suppose q - 4*q = -r. What is the units digit of q?
9
Suppose -b = 2*b - 9. Suppose i + b*i = 0. Suppose i*m + 20 = 4*m. What is the units digit of m?
5
Let c(o) = 5*o - 4. Let d(b) = b**2 - 11*b + 9. Let p(y) = 9*c(y) + 4*d(y). Let m be p(1). What is the units digit of ((-2)/m)/(1/(-5))?
2
Let f = 5 - -5. Let a = -4 + 9. Suppose f*w - a = 5*w. What is the units digit of w?
1
Let l be (-2)/6*(-438)/2. Suppose 101 = 5*c + p, 3*c + 5*p = -8 + l. What is the tens digit of c?
2
Let q(s) = 2*s - 4. Let g(h) = -h**2 + 6*h - 3. Let v be g(4). Suppose 1 - v = -w. What is the units digit of q(w)?
4
What is the tens digit of (-238 + 2)/((-6)/3)?
1
Suppose -3*h + 151 = -5*j, 0 = -5*h + 7*j - 3*j + 256. What is the units digit of h?
2
Let q(d) = -2*d**2. Let j be q(2). Let m be 194/22 - j/44. Suppose 4*u = 3*u + m. What is the units digit of u?
9
What is the units digit of 12/2 - (2 + -3)?
7
Let b be 0 + 0 - (0 + 0). Suppose b = -2*h - 1 + 17. What is the units digit of h?
8
Let w = 15 - 2. Let f = -19 + w. Let h = f - -10. What is the units digit of h?
4
Let x(w) = 12*w**2 - 2*w + 2. What is the tens digit of x(1)?
1
Let b(n) = n**2 + 7*n + 8. Let a be b(-6). Suppose 3*d + a = 8. What is the units digit of (-1 - d)/(-3) + 6?
7
Let l(c) = c**2 + 3*c - 4. Let d be -5 + (2*-3)/(-3). Let v be l(d). What is the tens digit of (v/(-6))/((-3)/(-63))?
1
Let t = 10 + -6. Let b be (3/t)/(3/(-12)). What is the units digit of -2 - 1/(b/15)?
3
Let m = 0 + 0. Let n = 0 + m. Suppose 5*x + n*f - 3*f = 39, -2*f + 18 = 4*x. What is the units digit of x?
6
Suppose 5*d = d - 2*b + 272, -341 = -5*d - 3*b. What is the tens digit of d?
6
Suppose t = -4*l + 29, 2*t - l - 14 = -1. Let w(v) = v**2 - 9*v + 7. What is the units digit of w(t)?
7
Suppose -i = -17 + 1. What is the tens digit of i?
1
What is the units digit of -374*(-3)/6 - 2?
5
Let k(q) be the first derivative of -5*q**2/2 - 2*q + 3. What is the tens digit of k(-4)?
1
Let s(u) = -68*u**2 - u + 1. Let o be s(1). Let f = o + 115. What is the tens digit of f?
4
Let g(l) = 1 + 1 + 13*l**2 + l**2 - l**2 + 4*l. What is the tens digit of g(-2)?
4
Let q(a) = 12*a - 3. What is the tens digit of q(6)?
6
Suppose 6*r - 54 = 3*r. What is the units digit of r?
8
Let y(n) = -4*n**3 - n**2 - 22*n - 18. Let m = 1 - 6. Let x(l) = -3*l**3 - l**2 - 15*l - 12. Let g(z) = m*y(z) + 7*x(z). What is the tens digit of g(-4)?
1
Suppose -5*o + 9 = -1. Suppose -o*p - 15 - 15 = -2*n, -2*p - 18 = -n. What is the tens digit of n?
1
Suppose 0 = -2*d + d - 4*o + 78, 5*d = -o + 466. What is the units digit of d?
4
Let a(q) = -2*q + 1. Let f be ((-6)/7)/((-1)/(-7)). What is the units digit of a(f)?
3
Let r(i) = -36*i**3 - i**2 - 3*i - 2. What is the tens digit of r(-1)?
3
Let w = 0 - 1. Let b = w + 3. Suppose 8 = b*g - 4. What is the units digit of g?
6
Let d(g) = -g**2 + 11*g + 6. What is the tens digit of d(9)?
2
Suppose 0*y = 5*y - 70. Let c = y - -12. What is the tens digit of c?
2
Suppose 0 = -4*b + 2*w - 10, -4 = 5*b - w + 1. Let d be 0 + b + 0 - -2. Suppose 4*a + d*u = -u + 25, -2*u = 2*a - 12. What is the units digit of a?
7
Let p be (0/(-1))/((-1)/1). Suppose p = 3*g + 2 + 1. What is the units digit of 0 + g - (-11 - -1)?
9
Suppose -4*f = -4*m - 38 - 78, -2*m + 4 = 0. What is the tens digit of f?
3
Let x(f) = -f**2 + 6*f - 5. Suppose 0 = 4*b - 11 - 9. Let s be x(b). Suppose 0 = 3*r - s*r - 36. What is the tens digit of r?
1
Let w(m) = m**2 + 2*m - 8. What is the units digit of w(-5)?
7
What is the tens digit of 49 + ((-16)/(-4))/(-4)?
4
Suppose -u = 3*u - 60. Let y = u - 3. What is the units digit of y?
2
Suppose 3*d = -3*l + 48, 0 = 2*d - 6. What is the tens digit of l?
1
Let b be (5 - (0 + 0))*1. Suppose 0*u - 14 = -3*u - b*d, 7 = 2*u + d. What is the units digit of u?
3
Suppose -u = 4*s - 143, 5*u - u + 3*s - 546 = 0. What is the tens digit of u?
3
What is the units digit of 230/14 - (3 + (-54)/21)?
6
Let p(b) = -2*b**3 - 2*b**3 - b + 5*b**3. Let f be p(2). Suppose f - 1 = r. What is the units digit of r?
5
Suppose 3*f - 4*b - 170 = 0, -2*f + 64 = -f - 5*b. Let a = f - 22. Let x = -13 + a. What is the tens digit of x?
1
Let v(m) = m**2 + 2*m - 5. Let d be v(-4). What is the tens digit of d/((-6)/(-22)) - -3?
1
Let v(b) = 97*b**2 + 2*b - 3. What is the units digit of v(1)?
6
Let o = -13 + 15. Suppose 3*u = -o*r + 67, 3*r